igit of r?
3
Suppose t - 2*b - 1250 = 0, 0 = -4*t - 5*b + 3*b + 4950. What is the units digit of t?
0
Let k be (-15 - -2)*(-3 + 5). Let r = k + 35. What is the units digit of r?
9
Suppose 4*v = 2*r - 4*r - 12, 0 = 3*v - r - 1. Let o be -13*((-5)/v + -4). Let q = -11 - o. What is the units digit of q?
2
Suppose -3*q = -4*h + 185, -2*h = -q - h - 63. Let o = q + 111. Suppose 2*t = -4*y + o, 0*t - 180 = -5*t + 4*y. What is the tens digit of t?
3
Let d = -34 - -65. Let o be d - 1 - (0 + -3). What is the units digit of ((-3)/2)/(o/(-374))?
7
Let w(b) = -b + 2 - 2*b**3 - 1 - 4*b**2 - 2*b**2. What is the units digit of w(-4)?
7
Let d be 1742/156 - (-1)/(-6). Suppose -d*a + 63 = -905. What is the units digit of a?
8
Let z be 20 - ((1 - -1) + 1). Suppose 0 = -h - 71 + z. Let f = -36 - h. What is the units digit of f?
8
Let b = 815 - 734. What is the units digit of b?
1
Let q(o) = 2*o**2 + 7*o + 26. Suppose -3*v - 15 = -n, -v + 6*n - n + 9 = 0. What is the tens digit of q(v)?
5
Suppose 2*b = -0*b + 12. Suppose 272 = b*l + 26. What is the tens digit of l?
4
Suppose 143910 = 32*n - 18330. What is the tens digit of n?
7
Let j = 286 - 9. What is the hundreds digit of j?
2
Suppose 4 + 5 = 3*l. Suppose -2*i + 77 = 3*i + 3*d, i + l*d - 25 = 0. Let r = i + 2. What is the units digit of r?
5
Let f be (-30)/(-9) - (-1)/(-3). Let d = f - -16. Let j = -16 + d. What is the units digit of j?
3
Let m be (-9366)/(-63)*((-5)/(-2) - 1). Let y = m - 144. What is the tens digit of y?
7
Let g be (-306)/14 - (-1)/(-7). Let j = g + 33. What is the tens digit of j?
1
Let l(q) = q**3 + 7*q**2 - 11*q - 14. Let v(s) = 2*s + 3. Let u be v(-5). What is the tens digit of l(u)?
6
Let u(x) = -166*x - 23. What is the units digit of u(-2)?
9
Let x(s) be the third derivative of s**5/60 - 5*s**4/12 + 13*s**3/6 + 9*s**2. Let z be x(9). Suppose n - 15 = -z. What is the tens digit of n?
1
Suppose -11*j + 14*j - 914 = -2*l, 3*j + l - 919 = 0. What is the hundreds digit of j?
3
Let j = 116 - -243. What is the tens digit of j?
5
Suppose 25*c = 54075 - 17500. What is the thousands digit of c?
1
Suppose -d = -1, -108*c = -112*c + 4*d + 3688. What is the tens digit of c?
2
Let f = 13 - -211. What is the hundreds digit of f?
2
Let z = -28 - -30. What is the units digit of 6/z*2/6?
1
Let l be ((-2)/3)/((-2)/(-3)). Let h be (-55)/(-11) - (l + 1). Suppose -n - 7*d + 2*d = -1, h*d = -3*n + 13. What is the units digit of n?
6
Suppose 3 = 4*r - 9. Suppose -152 = -r*a + 43. What is the tens digit of a?
6
Let r = 3827 - 1049. What is the thousands digit of r?
2
Let t(q) = -q**3 - 11*q**2 - q - 6. Let c be t(-11). Let l(v) = -4*v + c - v + 22*v - 9*v. What is the tens digit of l(3)?
2
Suppose -g - 2*k + 8 = -0*k, 12 = 3*k. Suppose 0 = -g*r + r - 2. What is the units digit of r/(-10) + (-366)/(-30)?
2
What is the thousands digit of 15624/15 + -4 - (-18)/(-30)?
1
Let i be (-4 - -2 - -1)/(2/4). What is the tens digit of 303/3*1 + i?
9
Let g = 9 + -7. Suppose -7*f - 75 = -g*f. What is the units digit of 16/3*(f - -18)?
6
Let b(o) = 1212*o - 2. Let s be b(1). Suppose -46*n + s = -35*n. What is the tens digit of n?
1
Let s = -1061 - -1071. What is the tens digit of s?
1
Suppose 2*o + 5*q - 7858 = 0, -8*o + q = -4*o - 15738. What is the hundreds digit of o?
9
Let s(n) = 7*n - 3. Let x be s(6). Let i = x - -42. What is the tens digit of i?
8
Let x = -16 - -21. Suppose 3*h - g - 285 = 0, 2*h - x*g + 190 = 4*h. What is the tens digit of h?
9
Suppose 5 = -3*s + 8. What is the units digit of (59/(-3) - s)*-3 - 0?
2
Let w = -635 + 1037. What is the units digit of w?
2
Let t(j) = 3*j**2 - 3*j - 2. Let r be t(-1). Suppose -5*f - 50 = -p, -r*f + f + 138 = 5*p. What is the units digit of p?
0
Let x = 24 + -34. What is the units digit of (x/8)/(19/(-76))?
5
Let q(i) = 7*i - 5. Let a be q(2). Suppose 3*b - a = -3. What is the units digit of b?
2
Suppose 4*x - 1680 = x. Suppose -96 + x = 4*f. What is the tens digit of f?
1
Let t(f) = 394*f - 13. What is the tens digit of t(2)?
7
Let v(u) = u**3 + 28*u**2 + 8*u - 9. What is the thousands digit of v(-10)?
1
Suppose 3*v = -4*y + 8*v + 6584, -y + 1646 = -2*v. What is the tens digit of y?
4
Let f = 65 - 5. Suppose 2*y + 4*a - 2 = 0, y - 2*a - 3*a = 15. Suppose -y*s + 0 + f = 0. What is the tens digit of s?
1
Suppose 5*a - 5*t - 80 = 0, -a + 0*t = -3*t - 14. Suppose -a*c + 19*c - 256 = 0. What is the hundreds digit of c?
1
Let i = 1472 + -458. What is the thousands digit of i?
1
Let w = -139 - -170. Let h = w - -21. What is the tens digit of h?
5
Suppose -4*m - 48 = 1192. What is the units digit of (m/(-15))/(4/6)?
1
Suppose 2*f = -2*d - 3*f + 2177, 2*f - 2 = 0. What is the hundreds digit of d?
0
Let s = 44 - -37. Let g(r) = -r + 17. Let q be g(12). Suppose s = q*f + x, 2*x = -f + x + 13. What is the tens digit of f?
1
Suppose 12 = 2*a - 4. Suppose 2*t - a - 16 = 0. What is the units digit of 5 - t/4 - -4?
6
Let i be (15/(-6) - -1)*(-170)/(-15). Let h = i - -49. What is the units digit of h?
2
Let m(u) = 3*u - 12. Let c be m(5). What is the units digit of (3 - (-13)/c)*(-5 - -17)?
8
Suppose -5*k + 11 = -9. Suppose -r = k*r - 20. Suppose r*p - 90 - 6 = 0. What is the tens digit of p?
2
Suppose -5*i = -z - 7175 - 2830, -4*i + 3*z = -8004. What is the tens digit of i?
0
Suppose -2*z = -2*w + 4 - 2, 2*z = -3*w + 28. Suppose -2*b - w = -4*r, 5*b - 1 = 4. What is the units digit of 1 + (r - 5 - -19)?
7
Let m(s) = s**2 + 5*s - 9. Suppose -15 = i - 2*y, 2*i = -0*y + 5*y - 34. Let b be m(i). What is the tens digit of 4/b*475/10?
3
Let j(u) be the second derivative of 0 + 8/3*u**3 - 1/12*u**4 + 9*u + 0*u**2. What is the tens digit of j(10)?
6
Let x = 855 + -470. Suppose 0 = 5*n - 2*h - x, 0 = -n - 4*n - h + 385. What is the tens digit of n?
7
Let x be ((-6)/(-4))/3*46. Suppose 0 = k - 3*r - x, 6*k - k = 4*r + 60. Suppose -20 = -k*n + 3*n. What is the units digit of n?
4
Let t = 19 - 17. Suppose 0 = 5*o - t*a - 89 - 110, o = 3*a + 32. What is the units digit of o?
1
Suppose 3*k = 5*t - 11249, 0 = -19*t + 15*t - k + 8989. What is the tens digit of t?
4
Let t(c) = -5*c + 4 - 21*c**2 + 32*c**2 + 1. What is the hundreds digit of t(4)?
1
Suppose -4*v = 4*z + 32, -4*v - z - 45 + 10 = 0. Let m = -8 - v. What is the tens digit of m*20 - (-4 + 4)?
2
What is the hundreds digit of (47*-9 + -3)*(3 + -9)?
5
Suppose 260*b - 254*b - 12366 = 0. What is the hundreds digit of b?
0
Suppose 4 = 2*y - y. Suppose 5*z - 86 = -3*t - 4, y*t + 3*z = 91. What is the units digit of t?
9
Let m be 1 - 10*(-2 - (-1 + -2)). What is the units digit of (5/(-4))/(m/684)?
5
Suppose -5*f + 20 = -f. Let q be -1*f*(0 - 1). Let p = q - -5. What is the units digit of p?
0
Suppose 0 = -3*m + 56 + 4. Let a = m - 18. Suppose -6*n + 3*n + 124 = -a*g, 3*n - 4*g - 128 = 0. What is the units digit of n?
0
What is the units digit of (-294)/(-1323) + 43/18*164?
2
Suppose 2*x + 8 = 4*x. Let v(w) = -1 - 5*w**2 + 4*w + 2*w**2 + x*w**2. What is the units digit of v(3)?
0
Suppose t + 3*m = 375, 32*t - 30*t = -m + 775. What is the hundreds digit of t?
3
Let c = 348 - -32. What is the hundreds digit of c?
3
Let x = -434 + 702. What is the tens digit of x?
6
Suppose -4*c + 3*c = -2*q + 2, 2*q - 2 = 0. Suppose -w = -4*b - 7 + 213, c = -b - 2*w + 56. What is the units digit of b?
2
Let g(a) = 9*a - 33. What is the tens digit of g(5)?
1
Let f = 37 - 13. Let z be (2/6)/((-4)/f). What is the tens digit of (-14 + 12/4)*z?
2
Let n = -1473 - -4857. What is the thousands digit of n?
3
Let i = -1264 - -1839. What is the units digit of i?
5
Let l be ((-249)/(-6))/(3 - 25/10). Let f = 128 + l. What is the tens digit of f?
1
Let j be 4/(-5)*(-8 - -3). Suppose -j*t + 257 = -55. What is the units digit of t?
8
Let n = 621 + -283. Suppose -634 = -9*c + n. What is the tens digit of c?
0
Suppose 0 = -2*c + 4 - 0. Suppose -c*s = -3*s + 9. Suppose 2*r - 9 = s. What is the units digit of r?
9
Let l be (4 - (-7)/(-2))/((-2)/(-28)). Let i(o) = -o**3 + 6*o**2 + 14*o - 4. What is the tens digit of i(l)?
4
What is the hundreds digit of -144*-21*(-3)/(-36)?
2
Let o = -25 + 7. What is the units digit of 4*(-3)/o*15?
0
Let c(z) = z**3 + 5*z**2 + 3*z + 1. Let a = 11 - 15. Let m be c(a). Suppose 7*j - m*r = 2*j + 80, 2*j - 5*r - 23 = 0. What is the tens digit of j?
1
Let s(f)